{"id":573,"date":"2023-12-04T10:38:25","date_gmt":"2023-12-04T09:38:25","guid":{"rendered":"http:\/\/www.sabron.net\/?page_id=573"},"modified":"2023-12-05T15:26:17","modified_gmt":"2023-12-05T14:26:17","slug":"gprs-3g","status":"publish","type":"page","link":"https:\/\/www.sabron.net\/?page_id=573","title":{"rendered":"GPRS\/3G"},"content":{"rendered":"<section class=\"wpb-content-wrapper\"><p>[vc_row][vc_column][vc_column_text]Dans le souci de vous offrir plus de flexibilit\u00e9 et d\u2019aisance en terme d\u2019effort de r\u00e9cup\u00e9ration de vos data, nous mettons \u00e0 votre disposition une solution GPRS qui vous \u00e9pargne les d\u00e9placements aux exploitations. Les donn\u00e9es mesur\u00e9es vous parviennent en temps r\u00e9els puisque le datalogger (<strong><u>TOWANET<\/u><\/strong>) communique par GPRS. Le syst\u00e8me renferme, outre ce datalogger\u00a0:<\/p>\n<ul>\n<li>Une sonde de mesure de l\u2019humidit\u00e9 du sol (<strong>TOWASOIL<\/strong>) qui favorise un suivi\u00a0<u>en temps r\u00e9el<\/u>\u00a0de l\u2019\u00e9tat hydrique du sol.<\/li>\n<li>Un\u00a0<strong>DEBITMETRE\u00a0A IMPULSIONS\u00a0<\/strong>qui explicite vos apports r\u00e9els en eau.<\/li>\n<li>Un senseur de l\u2019humidit\u00e9 et de la temp\u00e9rature de l\u2019air<\/li>\n<\/ul>\n<p>Les mesures ainsi prises par l\u2019ensemble des senseurs\u00a0 pr\u00e9cit\u00e9s sont transmises vers le datalogger\u00a0TOWANET\u00a0puis trait\u00e9s\/affich\u00e9es sur votre SMARTPHONE.<\/p>\n<p>Notre solution GPRS\/3G offre un acc\u00e8s aux mesures en temps r\u00e9el sans avoir l\u2019obligation de se rendre \u00e0 la parcelle. Un SMARTPHONE, une application SABRON sont\u00a0 tout ce dont vous avez besoin pour piloter de l\u2019irrigation.[\/vc_column_text][\/vc_column][\/vc_row]<\/p>\n<\/section>","protected":false},"excerpt":{"rendered":"<p>[vc_row][vc_column][vc_column_text]Dans le souci de vous offrir plus de flexibilit\u00e9 et d\u2019aisance en terme d\u2019effort de r\u00e9cup\u00e9ration de vos data, nous mettons \u00e0 votre disposition une solution GPRS qui vous \u00e9pargne les d\u00e9placements aux exploitations. Les donn\u00e9es mesur\u00e9es vous parviennent en temps r\u00e9els puisque le datalogger (TOWANET) communique par GPRS. Le syst\u00e8me renferme, outre ce datalogger\u00a0: Une sonde de mesure de l\u2019humidit\u00e9 du sol (TOWASOIL) qui favorise un suivi\u00a0en temps r\u00e9el\u00a0de l\u2019\u00e9tat hydrique du sol. Un\u00a0DEBITMETRE\u00a0A&hellip;<\/p>\n","protected":false},"author":1,"featured_media":0,"parent":0,"menu_order":0,"comment_status":"closed","ping_status":"open","template":"","meta":{"footnotes":""},"acf":[],"_links":{"self":[{"href":"https:\/\/www.sabron.net\/index.php?rest_route=\/wp\/v2\/pages\/573"}],"collection":[{"href":"https:\/\/www.sabron.net\/index.php?rest_route=\/wp\/v2\/pages"}],"about":[{"href":"https:\/\/www.sabron.net\/index.php?rest_route=\/wp\/v2\/types\/page"}],"author":[{"embeddable":true,"href":"https:\/\/www.sabron.net\/index.php?rest_route=\/wp\/v2\/users\/1"}],"replies":[{"embeddable":true,"href":"https:\/\/www.sabron.net\/index.php?rest_route=%2Fwp%2Fv2%2Fcomments&post=573"}],"version-history":[{"count":3,"href":"https:\/\/www.sabron.net\/index.php?rest_route=\/wp\/v2\/pages\/573\/revisions"}],"predecessor-version":[{"id":658,"href":"https:\/\/www.sabron.net\/index.php?rest_route=\/wp\/v2\/pages\/573\/revisions\/658"}],"wp:attachment":[{"href":"https:\/\/www.sabron.net\/index.php?rest_route=%2Fwp%2Fv2%2Fmedia&parent=573"}],"curies":[{"name":"wp","href":"https:\/\/api.w.org\/{rel}","templated":true}]}}