{"id":662,"date":"2023-12-05T16:24:42","date_gmt":"2023-12-05T15:24:42","guid":{"rendered":"http:\/\/www.sabron.net\/?post_type=product&#038;p=662"},"modified":"2024-01-08T09:34:17","modified_gmt":"2024-01-08T08:34:17","slug":"towalink","status":"publish","type":"product","link":"https:\/\/www.sabron.net\/?product=towalink","title":{"rendered":"Towalink"},"content":{"rendered":"<p><span style=\"color: #000000\"><strong>TOWALINK<\/strong> est un enregistreur de donn\u00e9es utilisant Bluetooth con\u00e7u pour la surveillance de l&rsquo;irrigation.<\/span><\/p>\n<ul>\n<li><span style=\"color: #000000\">Il a des entr\u00e9es num\u00e9riques et de comptage pour les sondes du sol, la temp\u00e9rature et l&rsquo;humidit\u00e9 de l\u2019air et le d\u00e9bitm\u00e8tre.<\/span><\/li>\n<li><span style=\"color: #000000\">Il utilise un module Bluetooth pour transf\u00e9rer les donn\u00e9es vers un t\u00e9l\u00e9phone Android ex\u00e9cutant l&rsquo;application <strong>SABRON.<\/strong><\/span><\/li>\n<li><span style=\"color: #000000\">Gr\u00e2ce \u00e0 son hardware ainsi que son software, la consommation d&rsquo;\u00e9nergie est extr\u00eamement faible. L&rsquo;unit\u00e9 fonctionne avec une batterie interne qui est charg\u00e9e par un panneau solaire. <\/span><\/li>\n<li><span style=\"color: #000000\">Il est encapsul\u00e9 dans un bo\u00eetier en aluminium IP67 qui lui conf\u00e8re fiabilit\u00e9 et long\u00e9vit\u00e9.<\/span><\/li>\n<\/ul>\n<p>&nbsp;<\/p>","protected":false},"excerpt":{"rendered":"<p><span style=\"color: #000000\"><strong>TOWALINK<\/strong> est un enregistreur de donn\u00e9es qui communique via Bluetooth avec les smartphones utilisant Android 4.4 ou plus.<br \/>\n<\/span><\/p>\n<p><span style=\"color: #000000\">\u00a0<\/span><\/p>\n","protected":false},"featured_media":783,"template":"","meta":[],"product_cat":[33],"product_tag":[],"acf":[],"_links":{"self":[{"href":"https:\/\/www.sabron.net\/index.php?rest_route=\/wp\/v2\/product\/662"}],"collection":[{"href":"https:\/\/www.sabron.net\/index.php?rest_route=\/wp\/v2\/product"}],"about":[{"href":"https:\/\/www.sabron.net\/index.php?rest_route=\/wp\/v2\/types\/product"}],"wp:featuredmedia":[{"embeddable":true,"href":"https:\/\/www.sabron.net\/index.php?rest_route=\/wp\/v2\/media\/783"}],"wp:attachment":[{"href":"https:\/\/www.sabron.net\/index.php?rest_route=%2Fwp%2Fv2%2Fmedia&parent=662"}],"wp:term":[{"taxonomy":"product_cat","embeddable":true,"href":"https:\/\/www.sabron.net\/index.php?rest_route=%2Fwp%2Fv2%2Fproduct_cat&post=662"},{"taxonomy":"product_tag","embeddable":true,"href":"https:\/\/www.sabron.net\/index.php?rest_route=%2Fwp%2Fv2%2Fproduct_tag&post=662"}],"curies":[{"name":"wp","href":"https:\/\/api.w.org\/{rel}","templated":true}]}}