{"id":664,"date":"2023-12-05T16:24:52","date_gmt":"2023-12-05T15:24:52","guid":{"rendered":"http:\/\/www.sabron.net\/?post_type=product&#038;p=664"},"modified":"2024-01-04T11:53:18","modified_gmt":"2024-01-04T10:53:18","slug":"frpanneau-solaire-540-ensolar-panel","status":"publish","type":"product","link":"https:\/\/www.sabron.net\/?product=frpanneau-solaire-540-ensolar-panel","title":{"rendered":"Panneau Solaire 540"},"content":{"rendered":"<section class=\"wpb-content-wrapper\"><p>[vc_row][vc_column][vc_column_text]<span style=\"color: #000000\">Le panneau est mont\u00e9 sur une plaque de base en aluminium qui est int\u00e9gr\u00e9e dans un\u00a0polym\u00e8re \u00e9lastique. L&rsquo;angle du panneau fournit un ruissellement optimal de la pluie\u00a0offrant un effet d&rsquo;auto-nettoyage et permet le glissement de la neige hors tension. <\/span><span style=\"color: #000000\">Pour les zones proches de l&rsquo;\u00e9quateur, nous pouvons fournir des panneaux avec un\u00a0angle inf\u00e9rieur. Un support de montage du m\u00e2t est int\u00e9gr\u00e9 et un collier de serrage fourni.<\/span>[\/vc_column_text][\/vc_column][\/vc_row]<\/p>\n<\/section>","protected":false},"excerpt":{"rendered":"<p><span style=\"color: #000000\">Panneau solaire pour fournir l\u2019\u00e9lectricit\u00e9 aux diff\u00e9rentes composantes du syst\u00e8me de gestion de l&rsquo;irrigation.<br \/>\n<\/span><\/p>\n<p><span style=\"color: #000000\">\u00a0<\/span><\/p>\n","protected":false},"featured_media":698,"template":"","meta":[],"product_cat":[31],"product_tag":[],"acf":[],"_links":{"self":[{"href":"https:\/\/www.sabron.net\/index.php?rest_route=\/wp\/v2\/product\/664"}],"collection":[{"href":"https:\/\/www.sabron.net\/index.php?rest_route=\/wp\/v2\/product"}],"about":[{"href":"https:\/\/www.sabron.net\/index.php?rest_route=\/wp\/v2\/types\/product"}],"wp:featuredmedia":[{"embeddable":true,"href":"https:\/\/www.sabron.net\/index.php?rest_route=\/wp\/v2\/media\/698"}],"wp:attachment":[{"href":"https:\/\/www.sabron.net\/index.php?rest_route=%2Fwp%2Fv2%2Fmedia&parent=664"}],"wp:term":[{"taxonomy":"product_cat","embeddable":true,"href":"https:\/\/www.sabron.net\/index.php?rest_route=%2Fwp%2Fv2%2Fproduct_cat&post=664"},{"taxonomy":"product_tag","embeddable":true,"href":"https:\/\/www.sabron.net\/index.php?rest_route=%2Fwp%2Fv2%2Fproduct_tag&post=664"}],"curies":[{"name":"wp","href":"https:\/\/api.w.org\/{rel}","templated":true}]}}