{"id":685,"date":"2023-12-05T16:26:59","date_gmt":"2023-12-05T15:26:59","guid":{"rendered":"http:\/\/www.sabron.net\/?post_type=product&#038;p=685"},"modified":"2024-01-08T09:39:41","modified_gmt":"2024-01-08T08:39:41","slug":"towanet-05","status":"publish","type":"product","link":"https:\/\/www.sabron.net\/?product=towanet-05","title":{"rendered":"Towanet 05"},"content":{"rendered":"<section class=\"wpb-content-wrapper\"><p>[vc_row][vc_column][vc_column_text]L\u2019appareil <strong>TOWANET<\/strong> est un datalogger utilis\u00e9 pour les mesures de pr\u00e9cision dans l\u2019agriculture et l\u2019environnement.<\/p>\n<p>Il contient un emplacement pour modem transf\u00e9rant ainsi automatiquement les donn\u00e9es vers l\u2019application <strong>SABRON<\/strong> pour smartphone et vers le web.<\/p>\n<p>Il permet l\u2019acquisition automatique des donn\u00e9es collect\u00e9es par l\u2019ensemble des capteurs tel que thermohygrom\u00e8tre, pyranom\u00e8tre, pluviom\u00e8tre, an\u00e9mom\u00e8tre, girouette et dendrom\u00e8tre.[\/vc_column_text][\/vc_column][\/vc_row][vc_row][vc_column][\/vc_column][\/vc_row]<\/p>\n<\/section>","protected":false},"excerpt":{"rendered":"<p style=\"text-align: left\"><b>TOWANET <\/b>est un enregistreur de donn\u00e9es de communication GPRS. Il est con\u00e7u principalement pour le suivi d&rsquo;irrigation.<\/p>\n","protected":false},"featured_media":788,"template":"","meta":[],"product_cat":[33],"product_tag":[],"acf":[],"_links":{"self":[{"href":"https:\/\/www.sabron.net\/index.php?rest_route=\/wp\/v2\/product\/685"}],"collection":[{"href":"https:\/\/www.sabron.net\/index.php?rest_route=\/wp\/v2\/product"}],"about":[{"href":"https:\/\/www.sabron.net\/index.php?rest_route=\/wp\/v2\/types\/product"}],"wp:featuredmedia":[{"embeddable":true,"href":"https:\/\/www.sabron.net\/index.php?rest_route=\/wp\/v2\/media\/788"}],"wp:attachment":[{"href":"https:\/\/www.sabron.net\/index.php?rest_route=%2Fwp%2Fv2%2Fmedia&parent=685"}],"wp:term":[{"taxonomy":"product_cat","embeddable":true,"href":"https:\/\/www.sabron.net\/index.php?rest_route=%2Fwp%2Fv2%2Fproduct_cat&post=685"},{"taxonomy":"product_tag","embeddable":true,"href":"https:\/\/www.sabron.net\/index.php?rest_route=%2Fwp%2Fv2%2Fproduct_tag&post=685"}],"curies":[{"name":"wp","href":"https:\/\/api.w.org\/{rel}","templated":true}]}}