{"id":687,"date":"2023-12-05T16:27:12","date_gmt":"2023-12-05T15:27:12","guid":{"rendered":"http:\/\/www.sabron.net\/?post_type=product&#038;p=687"},"modified":"2024-01-08T10:06:25","modified_gmt":"2024-01-08T09:06:25","slug":"franemometre-pro10enanemometer-pro-10","status":"publish","type":"product","link":"https:\/\/www.sabron.net\/?product=franemometre-pro10enanemometer-pro-10","title":{"rendered":"An\u00e9mom\u00e8tre Pro10"},"content":{"rendered":"<p>Les deux capteurs ont une vitesse d&rsquo;apparition tr\u00e8s faible, mais peuvent r\u00e9sister \u00e0 des rafales de vent allant jusqu&rsquo;\u00e0 75 m\/s, m\u00eame \u00e0 des temp\u00e9ratures extr\u00eamement basses. Ils n\u00e9cessitent tr\u00e8s peu d&rsquo;entretien et resteront dans leurs sp\u00e9cifications pendant de nombreuses ann\u00e9es. Pour installer les capteurs conform\u00e9ment aux exigences de l&rsquo;OMM, l&rsquo;ensemble comprend un bras de montage de m\u00e2t de 80 cm de large. Chaque senseur est livr\u00e9 avec son propre c\u00e2ble. Cela permet le remplacement individuel des capteurs en cas de maintenance.<\/p>","protected":false},"excerpt":{"rendered":"<p>Pro10 est un ensemble de deux capteurs s\u00e9par\u00e9s de vitesse et direction du vent tr\u00e8s pr\u00e9cis, il est \u00e9galement extr\u00eamement robuste, enti\u00e8rement en aluminium anodis\u00e9, sans pi\u00e8ces en plastique.<\/p>\n","protected":false},"featured_media":757,"template":"","meta":[],"product_cat":[30],"product_tag":[],"acf":[],"_links":{"self":[{"href":"https:\/\/www.sabron.net\/index.php?rest_route=\/wp\/v2\/product\/687"}],"collection":[{"href":"https:\/\/www.sabron.net\/index.php?rest_route=\/wp\/v2\/product"}],"about":[{"href":"https:\/\/www.sabron.net\/index.php?rest_route=\/wp\/v2\/types\/product"}],"wp:featuredmedia":[{"embeddable":true,"href":"https:\/\/www.sabron.net\/index.php?rest_route=\/wp\/v2\/media\/757"}],"wp:attachment":[{"href":"https:\/\/www.sabron.net\/index.php?rest_route=%2Fwp%2Fv2%2Fmedia&parent=687"}],"wp:term":[{"taxonomy":"product_cat","embeddable":true,"href":"https:\/\/www.sabron.net\/index.php?rest_route=%2Fwp%2Fv2%2Fproduct_cat&post=687"},{"taxonomy":"product_tag","embeddable":true,"href":"https:\/\/www.sabron.net\/index.php?rest_route=%2Fwp%2Fv2%2Fproduct_tag&post=687"}],"curies":[{"name":"wp","href":"https:\/\/api.w.org\/{rel}","templated":true}]}}