{"id":688,"date":"2023-12-05T16:27:18","date_gmt":"2023-12-05T15:27:18","guid":{"rendered":"http:\/\/www.sabron.net\/?post_type=product&#038;p=688"},"modified":"2024-01-09T16:05:24","modified_gmt":"2024-01-09T15:05:24","slug":"frpluviometre-rg1enrain-gauge-1","status":"publish","type":"product","link":"https:\/\/www.sabron.net\/?product=frpluviometre-rg1enrain-gauge-1","title":{"rendered":"Pluviom\u00e8tre RG1"},"content":{"rendered":"<p>Cette version du RG1 p\u00e8se environ 750gr. et convient aussi bien au montage au m\u00e2t qu&rsquo;au sol. La mesure est effectu\u00e9e par un syst\u00e8me \u00e0 double auget basculant \u00e9talonn\u00e9 en usine. L&rsquo;angle raide des seaux fait couler l&rsquo;eau rapidement et emp\u00eache ainsi l&rsquo;accumulation de r\u00e9sidus, comme le sable ou la poussi\u00e8re dans les seaux.<br \/>\nL&rsquo;entonnoir se fixe au corps par une fermeture \u00e0 ba\u00efonnette qui emp\u00eache l&rsquo;entonnoir d&rsquo;\u00eatre secou\u00e9 par de forts vents.<br \/>\nUn support de montage du m\u00e2t est int\u00e9gr\u00e9 et un collier de serrage fourni avec.<\/p>","protected":false},"excerpt":{"rendered":"<p>Enti\u00e8rement en aluminium, pr\u00e9cis, robuste, avec une longue dur\u00e9e de vie, Le pluviom\u00e8tre RG1 a \u00e9t\u00e9 con\u00e7u comme un pluviom\u00e8tre universel, qui r\u00e9pond aux besoins de la plupart des applications ; et pour durer, aussi bien en agriculture<br \/>\nque dans les applications hydrographiques ou m\u00e9t\u00e9orologiques et dans les environnements difficiles.<\/p>\n","protected":false},"featured_media":760,"template":"","meta":[],"product_cat":[30],"product_tag":[],"acf":[],"_links":{"self":[{"href":"https:\/\/www.sabron.net\/index.php?rest_route=\/wp\/v2\/product\/688"}],"collection":[{"href":"https:\/\/www.sabron.net\/index.php?rest_route=\/wp\/v2\/product"}],"about":[{"href":"https:\/\/www.sabron.net\/index.php?rest_route=\/wp\/v2\/types\/product"}],"wp:featuredmedia":[{"embeddable":true,"href":"https:\/\/www.sabron.net\/index.php?rest_route=\/wp\/v2\/media\/760"}],"wp:attachment":[{"href":"https:\/\/www.sabron.net\/index.php?rest_route=%2Fwp%2Fv2%2Fmedia&parent=688"}],"wp:term":[{"taxonomy":"product_cat","embeddable":true,"href":"https:\/\/www.sabron.net\/index.php?rest_route=%2Fwp%2Fv2%2Fproduct_cat&post=688"},{"taxonomy":"product_tag","embeddable":true,"href":"https:\/\/www.sabron.net\/index.php?rest_route=%2Fwp%2Fv2%2Fproduct_tag&post=688"}],"curies":[{"name":"wp","href":"https:\/\/api.w.org\/{rel}","templated":true}]}}