{"id":690,"date":"2023-12-05T16:27:29","date_gmt":"2023-12-05T15:27:29","guid":{"rendered":"http:\/\/www.sabron.net\/?post_type=product&#038;p=690"},"modified":"2024-01-04T14:30:28","modified_gmt":"2024-01-04T13:30:28","slug":"frph-metre-ph2enph-meter-ph2","status":"publish","type":"product","link":"https:\/\/www.sabron.net\/?product=frph-metre-ph2enph-meter-ph2","title":{"rendered":"pH m\u00e8tre pH2"},"content":{"rendered":"<p>Applications :<\/p>\n<ul>\n<li>Agriculture<\/li>\n<li>Agroalimentaire<\/li>\n<li>Environnement<\/li>\n<li>Piscines, aquariums, spa<\/li>\n<\/ul>\n<p>Avantages :<\/p>\n<ul>\n<li>R\u00e9sultat pr\u00e9cis et rapide<\/li>\n<li>Double affichage: pH et temp\u00e9rature<\/li>\n<li>Calibration automatique simple<\/li>\n<li>R\u00e9sultat num\u00e9rique, donc non soumis \u00e0 des interpr\u00e9tations de lecture<\/li>\n<\/ul>\n<p><\/p>","protected":false},"excerpt":{"rendered":"<p>Cet appareil permet de mesurer le pH des solutions aqueuses. Il est parfait pour tous les tests de qualit\u00e9 de l&rsquo;eau, solutions fertilisantes et traitements.<\/p>\n","protected":false},"featured_media":821,"template":"","meta":[],"product_cat":[32],"product_tag":[],"acf":[],"_links":{"self":[{"href":"https:\/\/www.sabron.net\/index.php?rest_route=\/wp\/v2\/product\/690"}],"collection":[{"href":"https:\/\/www.sabron.net\/index.php?rest_route=\/wp\/v2\/product"}],"about":[{"href":"https:\/\/www.sabron.net\/index.php?rest_route=\/wp\/v2\/types\/product"}],"wp:featuredmedia":[{"embeddable":true,"href":"https:\/\/www.sabron.net\/index.php?rest_route=\/wp\/v2\/media\/821"}],"wp:attachment":[{"href":"https:\/\/www.sabron.net\/index.php?rest_route=%2Fwp%2Fv2%2Fmedia&parent=690"}],"wp:term":[{"taxonomy":"product_cat","embeddable":true,"href":"https:\/\/www.sabron.net\/index.php?rest_route=%2Fwp%2Fv2%2Fproduct_cat&post=690"},{"taxonomy":"product_tag","embeddable":true,"href":"https:\/\/www.sabron.net\/index.php?rest_route=%2Fwp%2Fv2%2Fproduct_tag&post=690"}],"curies":[{"name":"wp","href":"https:\/\/api.w.org\/{rel}","templated":true}]}}