{"id":702,"date":"2023-12-05T16:28:09","date_gmt":"2023-12-05T15:28:09","guid":{"rendered":"http:\/\/www.sabron.net\/?post_type=product&#038;p=702"},"modified":"2024-01-04T13:03:30","modified_gmt":"2024-01-04T12:03:30","slug":"frec-ph-metre-combine-ec5enec-ph-meter-combined-ec5","status":"publish","type":"product","link":"https:\/\/www.sabron.net\/?product=frec-ph-metre-combine-ec5enec-ph-meter-combined-ec5","title":{"rendered":"EC\/pH m\u00e8tre combin\u00e9 EC5"},"content":{"rendered":"<p><strong>Applications :<\/strong><\/p>\n<ul>\n<li>Agriculture,<\/li>\n<li>Agroalimentaire<\/li>\n<li>Environnement<\/li>\n<li>Aquaculture, Aquarium,<\/li>\n<li>Laboratoire<\/li>\n<\/ul>\n<p><strong>Avantages:<\/strong><\/p>\n<ul>\n<li>R\u00e9sultat pr\u00e9cis et rapide<\/li>\n<li>Ecran lumineux et grand \u00e9cran d&rsquo;affichage clair, facile \u00e0 lire la valeur affich\u00e9e<\/li>\n<li>Calibration automatique simple<\/li>\n<li>R\u00e9sultat num\u00e9rique, donc non soumis \u00e0 des interpr\u00e9tations de lecture<\/li>\n<\/ul>\n<p><\/p>","protected":false},"excerpt":{"rendered":"<p class=\"Default\" style=\"text-align: justify\"><span class=\"js-productsummary-truncate\"><b><span style=\"font-size: 10.0pt;font-family: 'Times New Roman','serif'\">C<\/span><\/b><\/span><span class=\"js-productsummary-truncate\"><span style=\"font-size: 10.0pt;font-family: 'Times New Roman','serif'\">&lsquo;est un appareil multifonctionnel de qualit\u00e9 de l&rsquo;eau qui peut mesurer cinq param\u00e8tres \u00e0 la fois\u00a0: l&rsquo;EC, le pH, le TDS, la salinit\u00e9 et la temp\u00e9rature<\/span><\/span><span class=\"hgkelc\"><span style=\"font-size: 10.0pt;font-family: 'Times New Roman','serif'\">. <\/span><\/span><span class=\"js-productsummary-truncate\"><span style=\"font-size: 10.0pt;font-family: 'Times New Roman','serif'\">Avec des performances \u00e9lev\u00e9es, une conception de stylo, une stabilit\u00e9 num\u00e9rique rapide et des r\u00e9sultats de calcul pr\u00e9cis.<\/span><\/span><\/p>\n","protected":false},"featured_media":818,"template":"","meta":[],"product_cat":[32],"product_tag":[],"acf":[],"_links":{"self":[{"href":"https:\/\/www.sabron.net\/index.php?rest_route=\/wp\/v2\/product\/702"}],"collection":[{"href":"https:\/\/www.sabron.net\/index.php?rest_route=\/wp\/v2\/product"}],"about":[{"href":"https:\/\/www.sabron.net\/index.php?rest_route=\/wp\/v2\/types\/product"}],"wp:featuredmedia":[{"embeddable":true,"href":"https:\/\/www.sabron.net\/index.php?rest_route=\/wp\/v2\/media\/818"}],"wp:attachment":[{"href":"https:\/\/www.sabron.net\/index.php?rest_route=%2Fwp%2Fv2%2Fmedia&parent=702"}],"wp:term":[{"taxonomy":"product_cat","embeddable":true,"href":"https:\/\/www.sabron.net\/index.php?rest_route=%2Fwp%2Fv2%2Fproduct_cat&post=702"},{"taxonomy":"product_tag","embeddable":true,"href":"https:\/\/www.sabron.net\/index.php?rest_route=%2Fwp%2Fv2%2Fproduct_tag&post=702"}],"curies":[{"name":"wp","href":"https:\/\/api.w.org\/{rel}","templated":true}]}}