{"id":703,"date":"2023-12-05T16:28:14","date_gmt":"2023-12-05T15:28:14","guid":{"rendered":"http:\/\/www.sabron.net\/?post_type=product&#038;p=703"},"modified":"2024-01-04T13:21:06","modified_gmt":"2024-01-04T12:21:06","slug":"frec-tds-metre-du-sol-ecsenec-tds-soil-meter-ecs","status":"publish","type":"product","link":"https:\/\/www.sabron.net\/?product=frec-tds-metre-du-sol-ecsenec-tds-soil-meter-ecs","title":{"rendered":"EC\/TDS m\u00e8tre du sol ECS"},"content":{"rendered":"<p><strong>Applications :<\/strong><\/p>\n<ul>\n<li>Agriculture, Agroalimentaire<\/li>\n<li>Environnement<\/li>\n<li>Prairies et p\u00e2turages<\/li>\n<li>Laboratoires<\/li>\n<\/ul>\n<p><strong>Avantages:<\/strong><\/p>\n<ul>\n<li>Sonde de haute qualit\u00e9, r\u00e9sistant \u00e0 la corrosion<\/li>\n<li>Calibration automatique simple<\/li>\n<li>R\u00e9sultat num\u00e9rique, donc non soumis \u00e0 des interpr\u00e9tations de lecture<\/li>\n<\/ul>\n<p><\/p>","protected":false},"excerpt":{"rendered":"<p>Avec cet appareil, vous avez la possibilit\u00e9 de mesurer directement dans les sols la conductivit\u00e9 car une salinit\u00e9 trop \u00e9lev\u00e9e est n\u00e9faste pour la plante. Il est id\u00e9al pour tous les tests de qualit\u00e9 du sol, solutions fertilisantes et traitements.<\/p>\n<p>Il a une triple fonction qui vous permet de mesurer l\u2019EC, TDS et CF dans le sol.<\/p>\n","protected":false},"featured_media":819,"template":"","meta":[],"product_cat":[32],"product_tag":[],"acf":[],"_links":{"self":[{"href":"https:\/\/www.sabron.net\/index.php?rest_route=\/wp\/v2\/product\/703"}],"collection":[{"href":"https:\/\/www.sabron.net\/index.php?rest_route=\/wp\/v2\/product"}],"about":[{"href":"https:\/\/www.sabron.net\/index.php?rest_route=\/wp\/v2\/types\/product"}],"wp:featuredmedia":[{"embeddable":true,"href":"https:\/\/www.sabron.net\/index.php?rest_route=\/wp\/v2\/media\/819"}],"wp:attachment":[{"href":"https:\/\/www.sabron.net\/index.php?rest_route=%2Fwp%2Fv2%2Fmedia&parent=703"}],"wp:term":[{"taxonomy":"product_cat","embeddable":true,"href":"https:\/\/www.sabron.net\/index.php?rest_route=%2Fwp%2Fv2%2Fproduct_cat&post=703"},{"taxonomy":"product_tag","embeddable":true,"href":"https:\/\/www.sabron.net\/index.php?rest_route=%2Fwp%2Fv2%2Fproduct_tag&post=703"}],"curies":[{"name":"wp","href":"https:\/\/api.w.org\/{rel}","templated":true}]}}